{"id":1910,"date":"2022-05-03T07:52:02","date_gmt":"2022-05-03T05:52:02","guid":{"rendered":"http:\/\/asolaa.ac.at\/wordpress\/?page_id=1910"},"modified":"2025-12-04T09:29:04","modified_gmt":"2025-12-04T08:29:04","slug":"impressum","status":"publish","type":"page","link":"https:\/\/asolaa.ac.at\/wordpress\/impressum\/","title":{"rendered":"IMPRESSUM"},"content":{"rendered":"<div class=\"wpb-content-wrapper\"><p>[vc_row][vc_column][vc_column_text css=&#8220;.vc_custom_1652727332662{background-color: #ffe1a4 !important;}&#8220;]<\/p>\n<h4><strong>\u00a0 Medieninhaber &amp; Herausgeber<\/strong><\/h4>\n<p>[\/vc_column_text][vc_column_text]<\/p>\n<div class=\"wpb_text_column wpb_content_element\">\n<div class=\"wpb_wrapper\">\n<p><strong>Allgemeine Sonderschule Laa an der Thaya (Schulkennzahl: 316013)<\/strong><\/p>\n<\/div>\n<\/div>\n<p>[\/vc_column_text][vc_row_inner][vc_column_inner width=&#8220;1\/3&#8243;][vc_column_text]Anton Bruckner-Stra\u00dfe 1-3<br \/>\n2136 Laa an der Thaya[\/vc_column_text][\/vc_column_inner][vc_column_inner width=&#8220;1\/3&#8243;][vc_column_text]Tel.: 02522\/8303<br \/>\nFax: 02522\/8303[\/vc_column_text][\/vc_column_inner][vc_column_inner width=&#8220;1\/3&#8243;][vc_column_text]Mail: <span style=\"color: #965f00;\"><a style=\"color: #965f00;\" href=\"mailto:aso.laa-thaya@noeschule.at\">aso.laa-thaya@noeschule.at<\/a><\/span><br \/>\nWeb: <span style=\"color: #965f00;\"><a style=\"color: #965f00;\" href=\"http:\/\/asolaa.ac.at\">www.asolaa.ac.at<\/a><\/span>[\/vc_column_text][\/vc_column_inner][\/vc_row_inner][vc_empty_space][\/vc_column][\/vc_row][vc_row][vc_column width=&#8220;1\/3&#8243;][\/vc_column][vc_column width=&#8220;1\/3&#8243;][vc_column_text css=&#8220;.vc_custom_1652727249769{background-color: #fbc225 !important;}&#8220;]<\/p>\n<h4 style=\"text-align: center;\"><span style=\"color: #ffffff;\">Schulleiterin<\/span><\/h4>\n<p>[\/vc_column_text][vc_single_image image=&#8220;1940&#8243; img_size=&#8220;250&#215;300&#8243; alignment=&#8220;center&#8220; style=&#8220;vc_box_shadow_3d&#8220; css=&#8220;.vc_custom_1655373395793{border-bottom-width: -32px !important;padding-bottom: -32px !important;}&#8220; image_hovers=&#8220;false&#8220; lazy_loading=&#8220;true&#8220;][vc_column_text css=&#8220;.vc_custom_1764836996921{margin-top: -32px !important;border-top-width: -32px !important;padding-top: -32px !important;}&#8220;]<\/p>\n<p style=\"text-align: center;\">Direktorin <strong>Marlene GRAF<\/strong>, BEd, MA<strong><br \/>\n<\/strong><\/p>\n<p>[\/vc_column_text][\/vc_column][vc_column width=&#8220;1\/3&#8243;][\/vc_column][\/vc_row][vc_row][vc_column][vc_empty_space][vc_column_text css=&#8220;.vc_custom_1652727385613{background-color: #ffe1a4 !important;}&#8220;]<\/p>\n<h4><strong>\u00a0 Ausrichtung der Webseite<\/strong><\/h4>\n<p>[\/vc_column_text][vc_column_text]<\/p>\n<div class=\"wpb_text_column wpb_content_element\">\n<div class=\"wpb_wrapper\">\n<p>Informationen von und \u00fcber die Allgemeine Sonderschule Laa an der Thaya.<\/p>\n<\/div>\n<\/div>\n<p>[\/vc_column_text][vc_empty_space][vc_column_text css=&#8220;.vc_custom_1652727379915{background-color: #ffe1a4 !important;}&#8220;]<\/p>\n<h4><strong>\u00a0 Haftung<\/strong><\/h4>\n<p>[\/vc_column_text][vc_column_text]<\/p>\n<div class=\"wpb_text_column wpb_content_element\">\n<div class=\"wpb_wrapper\">\n<div class=\"wpb_text_column wpb_content_element\">\n<div class=\"wpb_wrapper\">\n<p>Trotz regelm\u00e4\u00dfiger Wartung kann in Hinsicht auf Aktualit\u00e4t, Richtigkeit und Vollst\u00e4ndigkeit der dargebotenen Informationen auf dieser Webseite keine Haftung \u00fcbernommen werden. Die Allgemeine Sonderschule Laa an der Thaya identifiziert sich in keinster Weise mit den Inhalten externer Webseiten (Links). Sollten Urheberrechte oder sonstige Rechte durch die Publizierung von Bild- oder Textmaterial verletzt worden sein, bitten wir Sie, uns da\u00fcrber in Kenntnis zu setzen. Jedenfalls werden wir die Teile umgehend von unserer Homepage entfernen beziehungsweise mit einem entsprechenden Hinweis versehen.<\/p>\n<\/div>\n<\/div>\n<\/div>\n<\/div>\n<p>[\/vc_column_text][vc_empty_space][vc_column_text css=&#8220;.vc_custom_1652727391859{background-color: #ffe1a4 !important;}&#8220;]<\/p>\n<h4><strong>\u00a0 Links<\/strong><\/h4>\n<p>[\/vc_column_text][vc_column_text]<\/p>\n<div class=\"wpb_text_column wpb_content_element\">\n<div class=\"wpb_wrapper\">\n<div class=\"wpb_text_column wpb_content_element\">\n<div class=\"wpb_wrapper\">\n<div class=\"wpb_text_column wpb_content_element\">\n<div class=\"wpb_wrapper\">\n<p>Verlinkungen zu unserer Webseite sind erw\u00fcnscht und bed\u00fcrfen \u2013 bis auf Widerruf \u2013 keiner bestimmten Genehmigung.<\/p>\n<\/div>\n<\/div>\n<\/div>\n<\/div>\n<\/div>\n<\/div>\n<p>[\/vc_column_text][\/vc_column][\/vc_row]<\/p>\n<\/div>","protected":false},"excerpt":{"rendered":"<p>[vc_row][vc_column][vc_column_text css=&#8220;.vc_custom_1652727332662{background-color: #ffe1a4 !important;}&#8220;] \u00a0 Medieninhaber &amp; Herausgeber [\/vc_column_text][vc_column_text] Allgemeine Sonderschule Laa an der Thaya (Schulkennzahl: 316013) [\/vc_column_text][vc_row_inner][vc_column_inner width=&#8220;1\/3&#8243;][vc_column_text]Anton Bruckner-Stra\u00dfe 1-3 2136 Laa an der Thaya[\/vc_column_text][\/vc_column_inner][vc_column_inner width=&#8220;1\/3&#8243;][vc_column_text]Tel.: 02522\/8303 Fax: 02522\/8303[\/vc_column_text][\/vc_column_inner][vc_column_inner width=&#8220;1\/3&#8243;][vc_column_text]Mail: aso.laa-thaya@noeschule.at Web: www.asolaa.ac.at[\/vc_column_text][\/vc_column_inner][\/vc_row_inner][vc_empty_space][\/vc_column][\/vc_row][vc_row][vc_column width=&#8220;1\/3&#8243;][\/vc_column][vc_column width=&#8220;1\/3&#8243;][vc_column_text css=&#8220;.vc_custom_1652727249769{background-color: #fbc225 !important;}&#8220;] Schulleiterin [\/vc_column_text][vc_single_image image=&#8220;1940&#8243; img_size=&#8220;250&#215;300&#8243; alignment=&#8220;center&#8220; style=&#8220;vc_box_shadow_3d&#8220; css=&#8220;.vc_custom_1655373395793{border-bottom-width: -32px !important;padding-bottom: -32px !important;}&#8220; image_hovers=&#8220;false&#8220; lazy_loading=&#8220;true&#8220;][vc_column_text css=&#8220;.vc_custom_1764836996921{margin-top: -32px !important;border-top-width:&hellip;<\/p>\n","protected":false},"author":1,"featured_media":0,"parent":0,"menu_order":0,"comment_status":"closed","ping_status":"closed","template":"","meta":{"footnotes":""},"class_list":["post-1910","page","type-page","status-publish","hentry","description-off"],"aioseo_notices":[],"_links":{"self":[{"href":"https:\/\/asolaa.ac.at\/wordpress\/wp-json\/wp\/v2\/pages\/1910","targetHints":{"allow":["GET"]}}],"collection":[{"href":"https:\/\/asolaa.ac.at\/wordpress\/wp-json\/wp\/v2\/pages"}],"about":[{"href":"https:\/\/asolaa.ac.at\/wordpress\/wp-json\/wp\/v2\/types\/page"}],"author":[{"embeddable":true,"href":"https:\/\/asolaa.ac.at\/wordpress\/wp-json\/wp\/v2\/users\/1"}],"replies":[{"embeddable":true,"href":"https:\/\/asolaa.ac.at\/wordpress\/wp-json\/wp\/v2\/comments?post=1910"}],"version-history":[{"count":16,"href":"https:\/\/asolaa.ac.at\/wordpress\/wp-json\/wp\/v2\/pages\/1910\/revisions"}],"predecessor-version":[{"id":57966,"href":"https:\/\/asolaa.ac.at\/wordpress\/wp-json\/wp\/v2\/pages\/1910\/revisions\/57966"}],"wp:attachment":[{"href":"https:\/\/asolaa.ac.at\/wordpress\/wp-json\/wp\/v2\/media?parent=1910"}],"curies":[{"name":"wp","href":"https:\/\/api.w.org\/{rel}","templated":true}]}}

<div class="wpb-content-wrapper"><p>[vc_row][vc_column][vc_column_text css=&#8220;.vc_custom_1652727332662{background-color: #ffe1a4 !important;}&#8220;]</p>
<h4><strong>  Medieninhaber &amp; Herausgeber</strong></h4>
<p>[/vc_column_text][vc_column_text]</p>
<div class="wpb_text_column wpb_content_element">
<div class="wpb_wrapper">
<p><strong>Allgemeine Sonderschule Laa an der Thaya (Schulkennzahl: 316013)</strong></p>
</div>
</div>
<p>[/vc_column_text][vc_row_inner][vc_column_inner width=&#8220;1/3&#8243;][vc_column_text]Anton Bruckner-Straße 1-3<br />
2136 Laa an der Thaya[/vc_column_text][/vc_column_inner][vc_column_inner width=&#8220;1/3&#8243;][vc_column_text]Tel.: 02522/8303<br />
Fax: 02522/8303[/vc_column_text][/vc_column_inner][vc_column_inner width=&#8220;1/3&#8243;][vc_column_text]Mail: <span style="color: #965f00;"><a style="color: #965f00;" href="mailto:aso.laa-thaya@noeschule.at">aso.laa-thaya@noeschule.at</a></span><br />
Web: <span style="color: #965f00;"><a style="color: #965f00;" href="http://asolaa.ac.at">www.asolaa.ac.at</a></span>[/vc_column_text][/vc_column_inner][/vc_row_inner][vc_empty_space][/vc_column][/vc_row][vc_row][vc_column width=&#8220;1/3&#8243;][/vc_column][vc_column width=&#8220;1/3&#8243;][vc_column_text css=&#8220;.vc_custom_1652727249769{background-color: #fbc225 !important;}&#8220;]</p>
<h4 style="text-align: center;"><span style="color: #ffffff;">Schulleiterin</span></h4>
<p>[/vc_column_text][vc_single_image image=&#8220;1940&#8243; img_size=&#8220;250&#215;300&#8243; alignment=&#8220;center&#8220; style=&#8220;vc_box_shadow_3d&#8220; css=&#8220;.vc_custom_1655373395793{border-bottom-width: -32px !important;padding-bottom: -32px !important;}&#8220; image_hovers=&#8220;false&#8220; lazy_loading=&#8220;true&#8220;][vc_column_text css=&#8220;.vc_custom_1764836996921{margin-top: -32px !important;border-top-width: -32px !important;padding-top: -32px !important;}&#8220;]</p>
<p style="text-align: center;">Direktorin <strong>Marlene GRAF</strong>, BEd, MA<strong><br />
</strong></p>
<p>[/vc_column_text][/vc_column][vc_column width=&#8220;1/3&#8243;][/vc_column][/vc_row][vc_row][vc_column][vc_empty_space][vc_column_text css=&#8220;.vc_custom_1652727385613{background-color: #ffe1a4 !important;}&#8220;]</p>
<h4><strong>  Ausrichtung der Webseite</strong></h4>
<p>[/vc_column_text][vc_column_text]</p>
<div class="wpb_text_column wpb_content_element">
<div class="wpb_wrapper">
<p>Informationen von und über die Allgemeine Sonderschule Laa an der Thaya.</p>
</div>
</div>
<p>[/vc_column_text][vc_empty_space][vc_column_text css=&#8220;.vc_custom_1652727379915{background-color: #ffe1a4 !important;}&#8220;]</p>
<h4><strong>  Haftung</strong></h4>
<p>[/vc_column_text][vc_column_text]</p>
<div class="wpb_text_column wpb_content_element">
<div class="wpb_wrapper">
<div class="wpb_text_column wpb_content_element">
<div class="wpb_wrapper">
<p>Trotz regelmäßiger Wartung kann in Hinsicht auf Aktualität, Richtigkeit und Vollständigkeit der dargebotenen Informationen auf dieser Webseite keine Haftung übernommen werden. Die Allgemeine Sonderschule Laa an der Thaya identifiziert sich in keinster Weise mit den Inhalten externer Webseiten (Links). Sollten Urheberrechte oder sonstige Rechte durch die Publizierung von Bild- oder Textmaterial verletzt worden sein, bitten wir Sie, uns daürber in Kenntnis zu setzen. Jedenfalls werden wir die Teile umgehend von unserer Homepage entfernen beziehungsweise mit einem entsprechenden Hinweis versehen.</p>
</div>
</div>
</div>
</div>
<p>[/vc_column_text][vc_empty_space][vc_column_text css=&#8220;.vc_custom_1652727391859{background-color: #ffe1a4 !important;}&#8220;]</p>
<h4><strong>  Links</strong></h4>
<p>[/vc_column_text][vc_column_text]</p>
<div class="wpb_text_column wpb_content_element">
<div class="wpb_wrapper">
<div class="wpb_text_column wpb_content_element">
<div class="wpb_wrapper">
<div class="wpb_text_column wpb_content_element">
<div class="wpb_wrapper">
<p>Verlinkungen zu unserer Webseite sind erwünscht und bedürfen – bis auf Widerruf – keiner bestimmten Genehmigung.</p>
</div>
</div>
</div>
</div>
</div>
</div>
<p>[/vc_column_text][/vc_column][/vc_row]</p>
</div>

<p>[vc_row][vc_column][vc_column_text css=&#8220;.vc_custom_1652727332662{background-color: #ffe1a4 !important;}&#8220;]   Medieninhaber &amp; Herausgeber [/vc_column_text][vc_column_text] Allgemeine Sonderschule Laa an der Thaya (Schulkennzahl: 316013) [/vc_column_text][vc_row_inner][vc_column_inner width=&#8220;1/3&#8243;][vc_column_text]Anton Bruckner-Straße 1-3 2136 Laa an der Thaya[/vc_column_text][/vc_column_inner][vc_column_inner width=&#8220;1/3&#8243;][vc_column_text]Tel.: 02522/8303 Fax: 02522/8303[/vc_column_text][/vc_column_inner][vc_column_inner width=&#8220;1/3&#8243;][vc_column_text]Mail: aso.laa-thaya@noeschule.at Web: www.asolaa.ac.at[/vc_column_text][/vc_column_inner][/vc_row_inner][vc_empty_space][/vc_column][/vc_row][vc_row][vc_column width=&#8220;1/3&#8243;][/vc_column][vc_column width=&#8220;1/3&#8243;][vc_column_text css=&#8220;.vc_custom_1652727249769{background-color: #fbc225 !important;}&#8220;] Schulleiterin [/vc_column_text][vc_single_image image=&#8220;1940&#8243; img_size=&#8220;250&#215;300&#8243; alignment=&#8220;center&#8220; style=&#8220;vc_box_shadow_3d&#8220; css=&#8220;.vc_custom_1655373395793{border-bottom-width: -32px !important;padding-bottom: -32px !important;}&#8220; image_hovers=&#8220;false&#8220; lazy_loading=&#8220;true&#8220;][vc_column_text css=&#8220;.vc_custom_1764836996921{margin-top: -32px !important;border-top-width:&hellip;</p>
