{"id":1913,"date":"2022-05-03T07:57:27","date_gmt":"2022-05-03T05:57:27","guid":{"rendered":"http:\/\/asolaa.ac.at\/wordpress\/?page_id=1913"},"modified":"2025-12-04T08:15:47","modified_gmt":"2025-12-04T07:15:47","slug":"elternverein","status":"publish","type":"page","link":"https:\/\/asolaa.ac.at\/wordpress\/elternverein\/","title":{"rendered":"ELTERNVEREIN"},"content":{"rendered":"<div class=\"wpb-content-wrapper\"><p>[vc_row][vc_column][vc_column_text css=&#8220;&#8220;]Das Team der Sonderschule Laa an der Thaya ist bem\u00fcht, die Eltern und Erziehungsberechtigten aller Sch\u00fclerinnen und Sch\u00fcler so oft wie m\u00f6glich in das schulische Geschehen mit einzubeziehen.<\/p>\n<p>Wir wollen hier auch die Gelegenheit ergreifen, allen Eltern\/Gro\u00dfeltern\/Geschwistern\/\u2026 <strong>DANKE<\/strong>\u00a0f\u00fcr die oftmalige Unterst\u00fctzung bei Schulveranstaltungen zu sagen und sie bitten, uns weiterhin zu unterst\u00fctzen.[\/vc_column_text][\/vc_column][\/vc_row][vc_row][vc_column]<style type=\"text\/css\" data-type=\"the7_shortcodes-inline-css\">.gallery-shortcode.gallery-masonry-shortcode-id-841dca08407634d579d8628df8168956 figure,\n.gallery-shortcode.gallery-masonry-shortcode-id-841dca08407634d579d8628df8168956 .rollover,\n.gallery-shortcode.gallery-masonry-shortcode-id-841dca08407634d579d8628df8168956 img,\n.gallery-shortcode.gallery-masonry-shortcode-id-841dca08407634d579d8628df8168956 .gallery-rollover {\n  border-radius: 0px;\n}\n.gallery-shortcode.gallery-masonry-shortcode-id-841dca08407634d579d8628df8168956.enable-bg-rollover .gallery-rollover {\n  background: -webkit-linear-gradient();\n  background: linear-gradient();\n}\n.gallery-shortcode.gallery-masonry-shortcode-id-841dca08407634d579d8628df8168956.enable-bg-rollover.hover-scale figure .rollover:after {\n  background: -webkit-linear-gradient();\n  background: linear-gradient();\n}\n.gallery-shortcode.gallery-masonry-shortcode-id-841dca08407634d579d8628df8168956 .gallery-zoom-ico {\n  width: 44px;\n  height: 44px;\n  line-height: 44px;\n  border-radius: 100px;\n  margin: -22px 0 0 -22px;\n  border-width: 0px;\n  color: #ffffff;\n}\n.dt-icon-bg-on.gallery-shortcode.gallery-masonry-shortcode-id-841dca08407634d579d8628df8168956 .gallery-zoom-ico {\n  background: rgba(255,255,255,0.3);\n  box-shadow: none;\n}\n.gallery-shortcode.gallery-masonry-shortcode-id-841dca08407634d579d8628df8168956 .gallery-zoom-ico:before,\n.gallery-shortcode.gallery-masonry-shortcode-id-841dca08407634d579d8628df8168956 .gallery-zoom-ico span {\n  font-size: 32px;\n  line-height: 44px;\n  color: #ffffff;\n}\n.gallery-shortcode.gallery-masonry-shortcode-id-841dca08407634d579d8628df8168956:not(.resize-by-browser-width) .dt-css-grid {\n  grid-row-gap: 10px;\n  grid-column-gap: 10px;\n  grid-template-columns: repeat(auto-fill,minmax(,1fr));\n}\n.gallery-shortcode.gallery-masonry-shortcode-id-841dca08407634d579d8628df8168956:not(.resize-by-browser-width) .dt-css-grid .double-width {\n  grid-column: span 2;\n}\n.cssgridlegacy.no-cssgrid .gallery-shortcode.gallery-masonry-shortcode-id-841dca08407634d579d8628df8168956:not(.resize-by-browser-width) .dt-css-grid,\n.no-cssgridlegacy.no-cssgrid .gallery-shortcode.gallery-masonry-shortcode-id-841dca08407634d579d8628df8168956:not(.resize-by-browser-width) .dt-css-grid {\n  display: flex;\n  flex-flow: row wrap;\n  margin: -5px;\n}\n.cssgridlegacy.no-cssgrid .gallery-shortcode.gallery-masonry-shortcode-id-841dca08407634d579d8628df8168956:not(.resize-by-browser-width) .dt-css-grid .wf-cell,\n.no-cssgridlegacy.no-cssgrid .gallery-shortcode.gallery-masonry-shortcode-id-841dca08407634d579d8628df8168956:not(.resize-by-browser-width) .dt-css-grid .wf-cell {\n  flex: 1 0 ;\n  max-width: 100%;\n  padding: 5px;\n  box-sizing: border-box;\n}\n.gallery-shortcode.gallery-masonry-shortcode-id-841dca08407634d579d8628df8168956.resize-by-browser-width .dt-css-grid {\n  grid-template-columns: repeat(2,1fr);\n  grid-template-rows: auto;\n  grid-column-gap: 10px;\n  grid-row-gap: 10px;\n}\n.gallery-shortcode.gallery-masonry-shortcode-id-841dca08407634d579d8628df8168956.resize-by-browser-width .dt-css-grid .double-width {\n  grid-column: span 2;\n}\n.cssgridlegacy.no-cssgrid .gallery-shortcode.gallery-masonry-shortcode-id-841dca08407634d579d8628df8168956.resize-by-browser-width .dt-css-grid {\n  margin: -5px;\n}\n.cssgridlegacy.no-cssgrid .gallery-shortcode.gallery-masonry-shortcode-id-841dca08407634d579d8628df8168956.resize-by-browser-width .dt-css-grid .wf-cell {\n  width: 50%;\n  padding: 5px;\n}\n.cssgridlegacy.no-cssgrid .gallery-shortcode.gallery-masonry-shortcode-id-841dca08407634d579d8628df8168956.resize-by-browser-width .dt-css-grid .wf-cell.double-width {\n  width: calc(50%) * 2;\n}\n.gallery-shortcode.gallery-masonry-shortcode-id-841dca08407634d579d8628df8168956.resize-by-browser-width:not(.centered-layout-list):not(.content-bg-on) .dt-css-grid {\n  grid-row-gap: 10px - ;\n}\n@media screen and (max-width: 1199px) {\n  .gallery-shortcode.gallery-masonry-shortcode-id-841dca08407634d579d8628df8168956.resize-by-browser-width .dt-css-grid {\n    grid-template-columns: repeat(2,1fr);\n  }\n  .cssgridlegacy.no-cssgrid .gallery-shortcode.gallery-masonry-shortcode-id-841dca08407634d579d8628df8168956.resize-by-browser-width .dt-css-grid .wf-cell,\n  .no-cssgridlegacy.no-cssgrid .gallery-shortcode.gallery-masonry-shortcode-id-841dca08407634d579d8628df8168956.resize-by-browser-width .dt-css-grid .wf-cell {\n    width: 50%;\n  }\n  .cssgridlegacy.no-cssgrid .gallery-shortcode.gallery-masonry-shortcode-id-841dca08407634d579d8628df8168956.resize-by-browser-width .dt-css-grid .wf-cell.double-width,\n  .no-cssgridlegacy.no-cssgrid .gallery-shortcode.gallery-masonry-shortcode-id-841dca08407634d579d8628df8168956.resize-by-browser-width .dt-css-grid .wf-cell.double-width {\n    width: calc(50%)*2;\n  }\n}\n@media screen and (max-width: 991px) {\n  .gallery-shortcode.gallery-masonry-shortcode-id-841dca08407634d579d8628df8168956.resize-by-browser-width .dt-css-grid {\n    grid-template-columns: repeat(2,1fr);\n  }\n  .cssgridlegacy.no-cssgrid .gallery-shortcode.gallery-masonry-shortcode-id-841dca08407634d579d8628df8168956.resize-by-browser-width .dt-css-grid .wf-cell,\n  .no-cssgridlegacy.no-cssgrid .gallery-shortcode.gallery-masonry-shortcode-id-841dca08407634d579d8628df8168956.resize-by-browser-width .dt-css-grid .wf-cell {\n    width: 50%;\n  }\n  .cssgridlegacy.no-cssgrid .gallery-shortcode.gallery-masonry-shortcode-id-841dca08407634d579d8628df8168956.resize-by-browser-width .dt-css-grid .wf-cell.double-width,\n  .no-cssgridlegacy.no-cssgrid .gallery-shortcode.gallery-masonry-shortcode-id-841dca08407634d579d8628df8168956.resize-by-browser-width .dt-css-grid .wf-cell.double-width {\n    width: calc(50%)*2;\n  }\n}\n@media screen and (max-width: 767px) {\n  .gallery-shortcode.gallery-masonry-shortcode-id-841dca08407634d579d8628df8168956.resize-by-browser-width .dt-css-grid {\n    grid-template-columns: repeat(2,1fr);\n  }\n  .cssgridlegacy.no-cssgrid .gallery-shortcode.gallery-masonry-shortcode-id-841dca08407634d579d8628df8168956.resize-by-browser-width .dt-css-grid .wf-cell,\n  .no-cssgridlegacy.no-cssgrid .gallery-shortcode.gallery-masonry-shortcode-id-841dca08407634d579d8628df8168956.resize-by-browser-width .dt-css-grid .wf-cell {\n    width: 50%;\n  }\n  .cssgridlegacy.no-cssgrid .gallery-shortcode.gallery-masonry-shortcode-id-841dca08407634d579d8628df8168956.resize-by-browser-width .dt-css-grid .wf-cell.double-width,\n  .no-cssgridlegacy.no-cssgrid .gallery-shortcode.gallery-masonry-shortcode-id-841dca08407634d579d8628df8168956.resize-by-browser-width .dt-css-grid .wf-cell.double-width {\n    width: calc(50%)*2;\n  }\n}<\/style><div class=\"gallery-shortcode dt-gallery-container gallery-masonry-shortcode-id-841dca08407634d579d8628df8168956 mode-masonry jquery-filter dt-icon-bg-off quick-scale-img enable-bg-rollover resize-by-browser-width  hover-fade loading-effect-none description-on-hover\" data-padding=\"5px\" data-cur-page=\"1\" data-post-limit=\"-1\" data-pagination-mode=\"none\" data-desktop-columns-num=\"2\" data-v-tablet-columns-num=\"2\" data-h-tablet-columns-num=\"2\" data-phone-columns-num=\"2\" data-width=\"0px\" data-columns=\"0\"><div class=\"iso-container\" ><div class=\"wf-cell iso-item\" data-post-id=\"57959\" data-date=\"2025-12-04T08:12:38+01:00\" data-name=\"Obfrau Evelyn Philips und Kassiererin Terezija Thonhauser\"><figure class=\"post visible\"><a href=\"https:\/\/asolaa.ac.at\/wordpress\/wp-content\/uploads\/2025\/12\/Elternverein.jpeg\" class=\"rollover dt-pswp-item layzr-bg\" data-large_image_width=\"1389\" data-large_image_height=\"1113\" data-dt-img-description=\"\" title=\"Obfrau Evelyn Philips und Kassiererin Terezija Thonhauser\"><img fetchpriority=\"high\" decoding=\"async\" class=\"preload-me iso-lazy-load aspect\" src=\"data:image\/svg+xml,%3Csvg%20xmlns%3D&#39;http%3A%2F%2Fwww.w3.org%2F2000%2Fsvg&#39;%20viewBox%3D&#39;0%200%20490%20393&#39;%2F%3E\" data-src=\"https:\/\/asolaa.ac.at\/wordpress\/wp-content\/uploads\/2025\/12\/Elternverein-490x393.jpeg\" data-srcset=\"https:\/\/asolaa.ac.at\/wordpress\/wp-content\/uploads\/2025\/12\/Elternverein-490x393.jpeg 490w, https:\/\/asolaa.ac.at\/wordpress\/wp-content\/uploads\/2025\/12\/Elternverein-735x590.jpeg 735w\" loading=\"eager\" style=\"--ratio: 490 \/ 393\" sizes=\"(max-width: 490px) 100vw, 490px\" alt=\"\" width=\"490\" height=\"393\"  \/><span class=\"gallery-rollover\"><span class=\"gallery-zoom-ico icomoon-the7-font-the7-zoom-06\"><span><\/span><\/span><\/span><\/a><\/figure><\/div><\/div><!-- iso-container|iso-grid --><\/div>[vc_empty_space][vc_column_text css=&#8220;&#8220;]<u>Obfrau Evelyn Philips und Kassiererin Terezija Thonhauser<\/u>[\/vc_column_text][\/vc_column][\/vc_row]<\/p>\n<\/div>","protected":false},"excerpt":{"rendered":"<p>[vc_row][vc_column][vc_column_text css=&#8220;&#8220;]Das Team der Sonderschule Laa an der Thaya ist bem\u00fcht, die Eltern und Erziehungsberechtigten aller Sch\u00fclerinnen und Sch\u00fcler so oft wie m\u00f6glich in das schulische Geschehen mit einzubeziehen. Wir wollen hier auch die Gelegenheit ergreifen, allen Eltern\/Gro\u00dfeltern\/Geschwistern\/\u2026 DANKE\u00a0f\u00fcr die oftmalige Unterst\u00fctzung bei Schulveranstaltungen zu sagen und sie bitten, uns weiterhin zu unterst\u00fctzen.[\/vc_column_text][\/vc_column][\/vc_row][vc_row][vc_column][vc_empty_space][vc_column_text css=&#8220;&#8220;]Obfrau Evelyn&hellip;<\/p>\n","protected":false},"author":1,"featured_media":0,"parent":0,"menu_order":0,"comment_status":"closed","ping_status":"closed","template":"","meta":{"footnotes":""},"class_list":["post-1913","page","type-page","status-publish","hentry","description-off"],"aioseo_notices":[],"_links":{"self":[{"href":"https:\/\/asolaa.ac.at\/wordpress\/wp-json\/wp\/v2\/pages\/1913","targetHints":{"allow":["GET"]}}],"collection":[{"href":"https:\/\/asolaa.ac.at\/wordpress\/wp-json\/wp\/v2\/pages"}],"about":[{"href":"https:\/\/asolaa.ac.at\/wordpress\/wp-json\/wp\/v2\/types\/page"}],"author":[{"embeddable":true,"href":"https:\/\/asolaa.ac.at\/wordpress\/wp-json\/wp\/v2\/users\/1"}],"replies":[{"embeddable":true,"href":"https:\/\/asolaa.ac.at\/wordpress\/wp-json\/wp\/v2\/comments?post=1913"}],"version-history":[{"count":9,"href":"https:\/\/asolaa.ac.at\/wordpress\/wp-json\/wp\/v2\/pages\/1913\/revisions"}],"predecessor-version":[{"id":57961,"href":"https:\/\/asolaa.ac.at\/wordpress\/wp-json\/wp\/v2\/pages\/1913\/revisions\/57961"}],"wp:attachment":[{"href":"https:\/\/asolaa.ac.at\/wordpress\/wp-json\/wp\/v2\/media?parent=1913"}],"curies":[{"name":"wp","href":"https:\/\/api.w.org\/{rel}","templated":true}]}}